 106475041 prime?
False
Is 68878687 a prime number?
False
Is 83524511 prime?
False
Is 945537 a prime number?
False
Is 1350301 prime?
False
Is 8570903 a composite number?
True
Is 303407047 a composite number?
False
Is 16078663 a prime number?
False
Is 547549337 a composite number?
False
Is 2763419 prime?
False
Is 49185141 a prime number?
False
Is 1091219 composite?
False
Is 920939 a composite number?
True
Is 452549 a composite number?
False
Is 5707985 prime?
False
Is 9256337 a prime number?
True
Is 22402381 prime?
True
Is 351857119 composite?
False
Is 62436509 a prime number?
True
Is 4304857 a prime number?
False
Is 2084735 prime?
False
Is 11784271 a prime number?
True
Is 136827967 a composite number?
False
Is 200750741 a composite number?
True
Is 16344817 prime?
True
Is 44586211 a prime number?
True
Is 50026543 composite?
True
Is 394325879 prime?
False
Is 2139199 a prime number?
True
Is 296401207 composite?
True
Is 2617243 a composite number?
False
Is 245849 a composite number?
False
Is 164839879 a composite number?
False
Is 116505637 prime?
False
Is 1428293 a prime number?
False
Is 178951 a prime number?
True
Is 42145969 a composite number?
False
Is 5261507 a composite number?
True
Is 618683 composite?
True
Is 42389951 a prime number?
False
Is 3362119 composite?
False
Is 1017437 a composite number?
False
Is 10671041 a composite number?
False
Is 55361039 composite?
False
Is 453330587 prime?
True
Is 6918419 prime?
True
Is 353721821 prime?
True
Is 1306733 composite?
False
Is 208457 prime?
True
Is 10486067 prime?
False
Is 106073147 a composite number?
False
Is 11209397 a prime number?
False
Is 5966771 a prime number?
False
Is 1546789 a composite number?
True
Is 2684843 a prime number?
False
Is 13989853 a prime number?
True
Is 148763 prime?
True
Is 632953 prime?
False
Is 8065021 prime?
False
Is 65976629 prime?
False
Is 10219991 prime?
True
Is 3448189 a prime number?
True
Is 6059693 a prime number?
True
Is 51798107 a composite number?
False
Is 76997 a prime number?
False
Is 81488969 a prime number?
True
Is 49226057 a prime number?
True
Is 1231499 a prime number?
False
Is 1498513 a composite number?
False
Is 532093127 a prime number?
True
Is 21325189 prime?
True
Is 4148065 a prime number?
False
Is 1057339 composite?
True
Is 37579303 composite?
False
Is 2854147 a composite number?
True
Is 64885231 composite?
True
Is 3175397 composite?
True
Is 4337699 a composite number?
True
Is 14969 prime?
True
Is 7780937 prime?
False
Is 184519 composite?
True
Is 1343789 prime?
True
Is 14998769 a prime number?
True
Is 6098663 prime?
True
Is 1307279 a composite number?
True
Is 1293401 composite?
False
Is 1033883 prime?
False
Is 778969 a prime number?
False
Is 29236323 composite?
True
Is 12152981 a composite number?
True
Is 153112213 prime?
True
Is 3584701 composite?
True
Is 1842067399 a composite number?
True
Is 225706493 prime?
True
Is 3964039 prime?
False
Is 67103 a prime number?
True
Is 10063511 composite?
False
Is 27205733 composite?
False
Is 46099199 a prime number?
False
Is 15306679 composite?
False
Is 516829 a composite number?
False
Is 7818917 prime?
False
Is 84506381 composite?
False
Is 28656217 composite?
True
Is 458629987 prime?
False
Is 1104997 a composite number?
True
Is 1619831 a prime number?
True
Is 626401 a prime number?
False
Is 4089073 a prime number?
True
Is 2430671 a prime number?
True
Is 1688389 prime?
False
Is 48122069 prime?
False
Is 56147887 composite?
False
Is 1151494603 a prime number?
False
Is 1313173 composite?
True
Is 33033223 a composite number?
True
Is 9841607 prime?
True
Is 23326421 composite?
False
Is 1421426 composite?
True
Is 246553069 a prime number?
False
Is 6709753 a composite number?
True
Is 11241133 a prime number?
True
Is 862453811 a prime number?
True
Is 140937689 prime?
True
Is 26635639 composite?
False
Is 4587487 a composite number?
False
Is 105051677 composite?
False
Is 3847223 prime?
False
Is 154714873 composite?
True
Is 691 a composite number?
False
Is 76624073 prime?
True
Is 16280353 a composite number?
False
Is 119397163 prime?
False
Is 539837 prime?
True
Is 30348707 a composite number?
True
Is 206091437 prime?
True
Is 5024257 a prime number?
False
Is 16031489 composite?
True
Is 20043521 a composite number?
True
Is 22805257 prime?
True
Is 486481 a prime number?
True
Is 36258907 a prime number?
True
Is 426067 a prime number?
False
Is 239333305 a composite number?
True
Is 43904851 a prime number?
True
Is 5542189 composite?
True
Is 424029421 composite?
True
Is 5053681 a composite number?
False
Is 4212178 a composite number?
True
Is 4288883 composite?
False
Is 3845671 prime?
False
Is 22271927 composite?
False
Is 11608057 composite?
False
Is 69269105 composite?
True
Is 163615547 a prime number?
True
Is 20982635 prime?
False
Is 2720615 a composite number?
True
Is 1068261289 composite?
True
Is 5739599 composite?
True
Is 1235021 composite?
False
Is 57640119 composite?
True
Is 140072551 a composite number?
False
Is 419703 a composite number?
True
Is 31663543 composite?
True
Is 229717 prime?
True
Is 786157 a prime number?
False
Is 2831377 a prime number?
True
Is 3741583 a prime number?
True
Is 14829 composite?
True
Is 13977989 composite?
False
Is 628013 composite?
False
Is 246697169 composite?
False
Is 2191229 composite?
False
Is 24415157 a composite number?
True
Is 6907801 a composite number?
True
Is 18567691 a prime number?
False
Is 9515959 a composite number?
False
Is 55861649 composite?
False
Is 4227709 a prime number?
False
Is 2236513 prime?
False
Is 79785773 composite?
False
Is 972809 a prime number?
False
Is 13385285 prime?
False
Is 5321 a prime number?
False
Is 113072033 a prime number?
False
Is 1199183 prime?
True
Is 52990681 a composite number?
False
Is 6048209 prime?
False
Is 16868483 composite?
False
Is 8215993 composite?
False
Is 155061587 prime?
True
Is 446180311 a composite number?
False
Is 6899351 prime?
True
Is 6836969 prime?
True
Is 11932097 prime?
False
Is 14710939 a prime number?
True
Is 11827857 composite?
True
Is 8595577 a prime number?
True
Is 2626273 composite?
True
Is 10612541 a composite number?
False
Is 5806937 composite?
False
Is 1089365647 a composite number?
False
Is 106408009 composite?
False
Is 471397 prime?
False
Is 38300449 prime?
False
Is 11670419 prime?
True
Is 3413191 composite?
False
Is 42206173 a composite number?
True
Is 13116898 prime?
False
Is 10215229 prime?
True
Is 3306431 composite?
True
Is 19483471 composite?
True
Is 10415231 composite?
True
Is 129888281 prime?
True
Is 3642999 prime?
False
Is 169513 a prime number?
False
Is 329476087 composite?
False
Is 23406001 a prime number?
False
Is 27929939 prime?
False
Is 2624217 composite?
True
Is 1797863 a prime number?
False
Is 310042861 prime?
False
Is 1230167 a prime number?
True
Is 193659 composite?
True
Is 737801 a composite number?
False
Is 128817427 prime?
True
Is 5645047 composite?
False
Is 1117491 composite?
True
Is 1915001 composite?
True
Is 23401969 a prime number?
False
Is 5558921 composite?
True
Is 60016153 a composite number?
False
Is 326812781 composite?
False
Is 174805 a composite number?
True
Is 10682431 composite?
True
Is 485453 composite?
True
Is 2981037 a prime number?
False
Is 2892382 a composite number?
True
Is 1505057 prime?
False
Is 5680819 a composite number?
True
Is 109087271 a prime number?
False
Is 170099 a composite number?
False
Is 57097871 composite?
True
Is 8462953 composite?
False
Is 18350581 a prime number?
True
Is 1059463 prime?
False
Is 59884547 prime?
True
Is 59453893 composite?
False
Is 15749029 a prime number?
True
Is 190589503 a composite number?
True
Is 2495111 a prime number?
False
Is 81879299 a composite number?
False
Is 39147751 prime?
True
Is 361733 composite?
True
Is 90537619 prime?
True
Is 11498549 prime?
False
Is 112572539 a composite number?
False
Is 757749805 composite?
True
Is 29037991 a prime number?
True
Is 8575114 a composite number?
True
Is 402428409 a prime number?
False
Is 44214809 composite?
True
Is 15808235 prime?
False
Is 93680467 a composite number?
True
Is 152636287 composite?
False
Is 1316437 prime?
True
Is 15621481 composite?
False
Is 3245811 a prime number?
False
Is 462383497 composite?
True
Is 607340569 prime?
False
Is 3904997 prime?
True
Is 248624807 composite?
False
Is 